 Determine o(-1).
582
Let o(h) = -4*h**2 - 4*h + 70. Determine o(5).
-50
Let y(a) = -2*a**3 + 10*a**2 + 2*a + 14. What is y(5)?
24
Let p(r) = -r**2 + 56*r - 344. Calculate p(7).
-1
Let g(k) = -53*k - 3560. What is g(-67)?
-9
Let c(n) = 25*n - 134. Calculate c(5).
-9
Let o(r) = 12*r - 106. Give o(22).
158
Let q(k) = 50*k - 4069. What is q(81)?
-19
Let m(d) = -1548*d - 1501. Calculate m(-1).
47
Let a(u) = -u**2 - 22*u + 472. What is a(-32)?
152
Let b(s) = 24*s - 29. Determine b(6).
115
Let h(u) = 26*u**2 + 1365*u + 680. Give h(-52).
4
Let a(u) = 2*u - 22. Give a(13).
4
Let c(w) = 2*w**3 - 100*w**2 - 3*w + 151. What is c(50)?
1
Let y(k) = -12*k**3 + 5*k**2 + 13*k - 1. Give y(-2).
89
Let u(c) = 4*c**3 - 72*c**2 - 39*c + 50. Determine u(19).
753
Let y(o) = -2*o**2 + 3*o + 24. Give y(-6).
-66
Let z(s) = 4*s**3 - 17*s**2 - 3*s - 69. Give z(5).
-9
Let w(b) = b**3 + 18*b**2 - 90*b - 1256. Determine w(-19).
93
Let w(r) = -206*r - 1238. Determine w(-6).
-2
Let b(s) = s**3 + 70*s**2 - 132*s + 867. What is b(-72)?
3
Let j(x) = 2*x**3 - 6*x**2 + 204*x - 396. What is j(2)?
4
Let o(d) = d**3 - 58*d**2 + 311*d + 63. Give o(52).
11
Let p(g) = -g**3 - 30*g**2 + 95*g - 128. Determine p(-33).
4
Let c(m) = -106*m + 4143. Calculate c(39).
9
Let m(t) = t**3 + 4*t**2 - 23*t - 10. Calculate m(-7).
4
Let q(f) = -42*f - 115. Determine q(6).
-367
Let p(v) = -v**3 + v**2 + 119*v - 522. What is p(8)?
-18
Let v(f) = f**3 - 20*f**2 + 52*f - 7. Give v(17).
10
Let s(w) = -w**3 + 24*w**2 - 74*w - 222. Give s(20).
-102
Let k(w) = 20*w - 850. What is k(41)?
-30
Let m(s) = -3*s**2 + 184*s - 554. Determine m(3).
-29
Let h(o) = -2*o**3 + 57*o**2 - 357*o + 3. Calculate h(0).
3
Let f(a) = -2*a**3 + 8*a**2 - 15*a + 59. What is f(7)?
-340
Let b(i) = 3*i**2 - 6384*i + 38201. Determine b(6).
5
Let c(l) = -79*l + 401. Give c(6).
-73
Let r(j) = j**2 + 39*j - 123. Determine r(-43).
49
Let o(x) = -14*x + 133. Determine o(-4).
189
Let k(i) = -i**3 - 7*i**2 - 18*i. Calculate k(-4).
24
Let i(z) = -2*z**2 + 110*z + 474. What is i(59)?
2
Let d(b) = -b**3 + 83*b**2 - 317*b + 244. Give d(79).
165
Let l(d) = -3*d**2 - 55*d + 33. Determine l(-16).
145
Let g(w) = -4*w**2 + 182*w + 159. What is g(47)?
-123
Let u(z) = -z**3 - 82*z**2 - 236*z - 224. Give u(-79).
-303
Let s(j) = -j**3 + 31*j**2 - 60*j + 11. Calculate s(29).
-47
Let z(w) = 191*w + 538. Determine z(-3).
-35
Let v(b) = b**2 - 145*b + 3091. Give v(26).
-3
Let a(x) = -5209*x + 15637. Calculate a(3).
10
Let y(n) = 11*n**3 - 76*n**2 - 10*n - 6. Calculate y(7).
-27
Let g(v) = -2*v**2 - 740*v + 3003. Give g(4).
11
Let r(p) = 3*p**2 - 66*p + 334. Give r(5).
79
Let a(q) = -2*q**3 + 14*q**2 - 8*q + 34. What is a(6)?
58
Let s(o) = -240*o**3 - 4*o**2 + 3*o + 4. Calculate s(-1).
237
Let w(d) = 44*d - 1731. Determine w(40).
29
Let w(u) = 50*u**2 - 129*u - 151. Calculate w(-1).
28
Let j(y) = -2511*y + 5045. Give j(2).
23
Let k(o) = 342*o - 406. Give k(1).
-64
Let k(u) = 114*u + 287. Determine k(-3).
-55
Let y(o) = -3*o**2 - 10*o. What is y(-5)?
-25
Let t(r) = 12*r**2 - 1053*r - 1337. What is t(89)?
-2
Let h(n) = 25*n**3 - n**2 - 11*n - 18. Calculate h(-2).
-200
Let h(y) = -398*y + 7566. Give h(19).
4
Let r(b) = -2*b**2 - 218*b - 211. Determine r(-108).
5
Let g(a) = 4*a**3 - 137*a**2 + 44*a - 343. Calculate g(34).
-3
Let d(a) = 40*a**3 + 121*a**2 + 6*a - 2. Determine d(-3).
-11
Let r(c) = -13*c - 102. Determine r(3).
-141
Let u(k) = 2*k**2 + 9*k - 47. Determine u(-8).
9
Let n(j) = -j**2 - 28*j - 152. What is n(-6)?
-20
Let i(p) = -5*p**3 - 183*p**2 + 91*p + 622. What is i(-37)?
-7
Let g(b) = -21871*b - 371803. Give g(-17).
4
Let q(y) = -2*y**2 + 126*y - 1989. Determine q(30).
-9
Let q(x) = 21*x**2 - 67*x + 127. Calculate q(2).
77
Let n(k) = 61*k - 12133. Determine n(199).
6
Let n(m) = -m**3 - 10*m**2 + 4*m + 1. Determine n(-2).
-39
Let q(r) = 60*r + 4251. Determine q(-71).
-9
Let b(f) = 2*f**3 - 2*f**2 + 78*f - 75. Give b(6).
753
Let d(n) = 2666*n - 8005. Determine d(3).
-7
Let w(q) = 12*q + 9. Give w(-10).
-111
Let j(x) = 8*x**3 - 22*x**2 + 18*x - 37. Determine j(3).
35
Let w(a) = -294*a - 9406. Calculate w(-32).
2
Let x(n) = 199*n - 27604. Calculate x(139).
57
Let o(k) = -2*k**3 - 2*k**2 + 8*k + 11. What is o(-3)?
23
Let b(g) = -3*g**2 - 142*g - 557. What is b(-43)?
2
Let l(d) = d**3 + 39*d**2 + 249*d + 29. Calculate l(-31).
-2
Let m(x) = -424*x - 3808. Give m(-9).
8
Let k(t) = t**3 - 5*t**2 - 6*t + 11. Calculate k(6).
11
Let x(c) = 8*c + 266. What is x(-39)?
-46
Let c(r) = 3*r - 65. Calculate c(37).
46
Let m(c) = -c**2 - 1937*c + 27276. What is m(14)?
-38
Let a(j) = j**2 - 27*j - 59. Determine a(29).
-1
Let s(h) = 2*h**3 - 13*h**2 - 2*h + 8. What is s(6)?
-40
Let o(m) = m**2 - 52*m - 80. Determine o(60).
400
Let m(u) = -94*u - 14946. What is m(-159)?
0
Let f(k) = -81*k - 459. Determine f(-5).
-54
Let p(y) = -3*y**3 - 19*y**2 - 29*y - 42. Give p(-5).
3
Let b(w) = -w**2 - 127*w - 731. Calculate b(-6).
-5
Let m(k) = -k**3 - 56*k**2 - 54*k + 89. Give m(-55).
34
Let g(n) = -75*n - 2997. What is g(-40)?
3
Let d(v) = 38*v + 367. Calculate d(-10).
-13
Let c(j) = -6*j**3 + 37*j**2 - 30*j - 19. Calculate c(5).
6
Let a(n) = 2*n**2 - 52*n - 59. Calculate a(27).
-5
Let o(k) = -653*k - 2755. Give o(-4).
-143
Let h(u) = 5*u**2 - 147*u + 420. Calculate h(3).
24
Let a(d) = d**2 - 398*d - 10160. What is a(-24)?
-32
Let k(o) = 612*o - 1839. Calculate k(3).
-3
Let k(q) = -846*q + 8452. Calculate k(10).
-8
Let h(k) = 46*k + 201. Give h(-4).
17
Let a(v) = -v**2 - 101*v - 1071. Give a(-12).
-3
Let j(k) = 1895*k - 11358. Give j(6).
12
Let p(n) = 100*n**2 - 22*n + 18. Give p(1).
96
Let c(b) = -86*b - 1182. What is c(-17)?
280
Let w(j) = -3*j**2 - j + 362. Give w(0).
362
Let j(b) = -b**3 + 7*b**2 + 14*b - 45. Calculate j(8).
3
Let q(r) = r**2 - 127*r + 1208. Calculate q(118).
146
Let p(n) = -597*n + 6648. What is p(11)?
81
Let t(s) = 150*s + 3139. Determine t(-21).
-11
Let y(q) = -q**3 - 7*q**2 - 26*q + 45. What is y(-6)?
165
Let j(t) = -305*t - 1796. Give j(-6).
34
Let n(i) = -4*i**2 - 42*i - 133. Give n(-4).
-29
Let z(m) = 1430*m + 4. Give z(0).
4
Let d(j) = 4*j**3 - 35*j**2 + 111*j - 6. Give d(6).
264
Let p(n) = 2*n**2 - 175*n - 121. Calculate p(88).
-33
Let m(r) = 2*r**2 + 41*r + 103. Determine m(-17).
-16
Let s(a) = -a**3 + 28*a**2 - 200*a + 70. Give s(13).
5
Let u(z) = -3*z**3 + 8*z**2 - 20*z + 85. Determine u(4).
-59
Let f(v) = -v**3 - 14*v**2 + 31*v + 25. Determine f(-16).
41
Let z(s) = -461*s - 1458. What is z(-3)?
-75
Let l(m) = 22*m**2 - 21*m - 82. What is l(-4)?
354
Let v(q) = -27*q + 1798. Give v(65).
43
Let i(a) = a**3 - 10*a**2 - 13*a + 3. Determine i(9).
-195
Let c(w) = -33*w + 276. Give c(8).
12
Let y(r) = -6*r + 184. Calculate y(24).
40
Let x(f) = 831*f - 7483. Determine x(9).
-4
Let k(s) = -s**2 - 41*s - 250. Calculate k(-34).
-12
Let u(l) = -46*l + 3321. What is u(71)?
55
Let a(d) = 2*d**3 + 38*d**2 + 5*d + 100. What is a(-19)?
5
Let n(i) = 291*i - 8. Calculate n(1).
283
Let o(c) = c**3 + 6*c**2 - 35*c + 34. Calculate o(2).
-4
Let r(o) = 70*o**2 - 915*o - 51. Give r(13).
-116
Let b(r) = -214*r + 2780. Give b(13).
-2
Let c(v) = -2*v**3 - 17*v**2 + 32*v + 334. Give c(-8).
14
Let l(c) = 44*c - 1335. Determine l(30).
-15
Let t(z) = -19*z**2 + 238*z - 672. Give t(8).
16
Let m(s) = s**2 - 134*s + 871. Determine m(7).
-18
Let o(b) = 2*b**3 + 22*b**2 + 18*b - 14. Determine o(-10).
6
Let u(n) = -11*n**2 - 66*n - 55. Calculate u(-5).
0
Let v(m) = -1030*m - 5147. Determine v(-5).
3
Let w(t) = 106*t - 1898. Give w(18).
10
Let i(k) = 11*k**2 - 417*k - 38. What is i(38)?
0
Let b(d) = d**3 - 49*d**2 + 99*d - 56. Determine b(47).
179
Let w(x) = 32*x - 1886. What is w(57)?
-62
Let r(q) = -648*q - 3236. Calculate r(-5).
4
Let q(z) = 799*z - 3994. Give q(5).
1
Let d(j) = -58*j - 547. What is d(-10)?
33
Let l(j) = -160*j + 23849. What is l(149)?
9
Let b(z) = 23*z. Give b(12).
276
Let h(d) = 178*d + 395. Calculate h(-7).
-851
Let z(n) = -n**3 - 19*n**2 - 28*n + 108. Calculate z(-17).
6
Let g(m) = 13*m**2 + 65*m + 64. Determine g(-1).
12
Let v(o) = -6*o**3 - 2*o**2 - 5*o + 10. Determine v(-4).
382
Let o(f) = -2*f**3 + 162*f**2 + 171*f - 615. Give o(82).
-41
Let x(l) = 42*l**2 - 31*l + 62. Give x(2).
168
Let u(o) = -13046*o + 13040. What is u(1)?
-6
Let r(j) = j + 38. Determine 